102
Let l(s) = 15*s**2 + 1265*s + 2466. Determine l(-2).
-4
Let f(l) = 5*l**2 + 1661*l - 2557. What is f(-334)?
449
Let h(c) = -6*c**2 - 1759*c - 12306. Calculate h(-286).
-8
Let l(v) = -28*v**2 - 4728*v + 677. Give l(-169).
1
Let q(r) = -10067*r - 191066. Determine q(-19).
207
Let w(p) = 43*p**2 - 1549*p + 2916. What is w(2)?
-10
Let n(x) = -31*x**2 - 822*x + 5598. Give n(7).
-1675
Let b(d) = 58*d**3 + 905*d**2 - 905*d. Determine b(1).
58
Let h(q) = 8*q**3 + 215*q**2 - 73*q + 119. Calculate h(-27).
1361
Let t(p) = 4*p**2 - 295*p + 2695. What is t(47)?
-2334
Let b(a) = -3*a**3 + 55*a**2 + 48*a - 1190. Give b(18).
-2
Let k(q) = -17*q**2 - 189*q + 3868. What is k(16)?
-3508
Let a(p) = 6154292*p + 43080038. Determine a(-7).
-6
Let m(l) = -l**2 + 120*l - 2400. Give m(85).
575
Let i(f) = -1075*f**2 + 71*f - 4. Calculate i(-1).
-1150
Let d(q) = 13*q**2 + 614*q + 198. Determine d(-47).
57
Let m(k) = k**2 - 36994*k - 184971. Calculate m(-5).
24
Let g(s) = 1441*s - 30352. Give g(21).
-91
Let c(p) = -1232103*p - 2464204. Calculate c(-2).
2
Let z(l) = 22*l**3 + 34*l**2 - 946*l - 1890. What is z(-2)?
-38
Let s(z) = 1576*z - 45644. Calculate s(29).
60
Let u(d) = d**3 - 39*d**2 + 352*d - 56. Calculate u(18).
-524
Let z(j) = -5317*j - 138270. What is z(-26)?
-28
Let k(c) = -2*c**2 + 516*c - 18514. Calculate k(43).
-24
Let w(i) = -163*i**2 + 357*i + 2253. What is w(5)?
-37
Let u(d) = 6*d + 10. Determine u(-6).
-26
Let r(a) = 3*a**2 + 485*a - 8952. What is r(16)?
-424
Let x(z) = 3*z**3 - 6*z**2 - 52*z + 37. Determine x(5).
2
Let o(p) = -4*p**2 + 363*p + 16327. Give o(-33).
-8
Let p(f) = -2*f**2 - 7020*f + 219538. What is p(31)?
-4
Let a(x) = -5*x**3 + 137*x**2 - 85*x + 4826. Calculate a(28).
94
Let u(o) = 21*o**2 - 2599*o - 602. Give u(124).
18
Let c(h) = -5*h**2 - 281*h + 1982. Give c(-62).
184
Let l(q) = -2*q**2 - 93*q + 420. What is l(-53)?
-269
Let x(b) = 84712*b + 508266. Determine x(-6).
-6
Let i(a) = -2*a**2 - 1540*a - 59792. What is i(-41)?
-14
Let s(b) = -9*b**3 - 959*b**2 + 1900*b + 41. Calculate s(2).
-67
Let f(d) = d**3 + 293*d**2 + 624*d + 12223. Determine f(-291).
1
Let w(s) = -5*s**3 - 908*s**2 + 1276*s - 918. Give w(-183).
-3
Let n(z) = 3783*z**3 + 109708*z**2 + z - 823. Determine n(-29).
-11
Let h(n) = -1050*n + 7879. What is h(7)?
529
Let n(j) = -j**3 + 17*j**2 + 25*j - 1884. Determine n(19).
-2131
Let x(a) = -4171*a**2 - 8353*a - 77. What is x(-2)?
-55
Let p(l) = -797*l + 17569. Give p(22).
35
Let r(o) = 6*o**3 + 482*o**2 - 247*o - 32558. What is r(-80)?
2
Let c(m) = m**3 - 94*m**2 + 644*m - 10204. Determine c(88).
4
Let b(r) = 2*r**3 + 49*r**2 + 1207*r + 28373. Give b(-24).
-19
Let n(z) = z**3 - 10*z**2 - 134*z + 1119. Calculate n(14).
27
Let f(d) = -30*d**2 + 925*d - 6076. Give f(7).
-1071
Let f(t) = -6*t**2 - 857*t + 17393. Calculate f(19).
-1056
Let g(o) = 7*o**3 - 118*o**2 - 25*o + 5. Determine g(17).
-131
Let p(y) = -36904*y - 405978. What is p(-11)?
-34
Let j(b) = 7*b**2 + 33093*b + 724661. Calculate j(-22).
3
Let h(v) = 3365*v - 70664. Give h(21).
1
Let x(a) = -76*a**2 + 925*a - 5625. What is x(6)?
-2811
Let c(a) = 21*a**2 - 3249*a - 19600. What is c(-6)?
650
Let t(z) = 21*z**2 + 721*z - 3420. What is t(5)?
710
Let k(t) = -43936*t - 21001410. What is k(-478)?
-2
Let g(v) = -629*v + 46279. Calculate g(73).
362
Let p(u) = -35*u**3 + u**2 + 11*u - 3135. Calculate p(0).
-3135
Let u(q) = -q**3 - 63*q**2 + 119*q - 558. Calculate u(-65).
157
Let z(r) = r**2 - 1029*r - 206574. What is z(-172)?
-2
Let o(y) = 718*y**2 + 59594*y + 5. Give o(-83).
5
Let u(i) = 2*i**3 + 923*i**2 + 3423*i + 939745. What is u(-460)?
-35
Let u(h) = 827*h - 8826. Determine u(8).
-2210
Let g(c) = -14619*c - 1535024. Calculate g(-105).
-29
Let v(x) = -7*x**3 + 152*x**2 - 580*x + 333. Give v(17).
10
Let l(u) = -77023*u - 2541755. What is l(-33)?
4
Let h(c) = -c**3 - 12*c**2 + 841*c + 86. What is h(-36)?
914
Let s(h) = h**3 - 705*h**2 + 18966*h - 6751. Calculate s(677).
19
Let d(u) = -101*u**2 - 2510*u + 334. Determine d(-25).
-41
Let s(g) = 303*g**2 - 586*g - 28. Determine s(2).
12
Let x(d) = d**2 - 88*d - 35294. Calculate x(237).
19
Let p(q) = -4718*q - 561492. Calculate p(-119).
-50
Let z(j) = -j**3 - 19*j**2 + 221*j + 202. Give z(-27).
67
Let a(o) = 295722*o + 1774062. What is a(-6)?
-270
Let j(m) = 6478*m - 52431. Calculate j(8).
-607
Let d(l) = 52*l**2 - 363*l + 224. What is d(6)?
-82
Let c(g) = -311*g - 6686. Calculate c(-20).
-466
Let k(t) = 204*t - 7053. What is k(34)?
-117
Let u(r) = -197*r - 5111. Determine u(-31).
996
Let p(i) = i**2 + 21168*i - 84685. What is p(4)?
3
Let s(k) = -k**2 + 103*k + 3977. Give s(-30).
-13
Let k(b) = -2*b**2 - 1751*b + 928144. Determine k(372).
4
Let t(k) = -528716*k + 43354709. Give t(82).
-3
Let j(n) = -6707*n - 53502. What is j(-8)?
154
Let s(z) = -215*z + 288950. Calculate s(1344).
-10
Let t(g) = 219*g + 23779. Give t(-108).
127
Let g(y) = -289*y + 139057. Calculate g(481).
48
Let h(o) = -20*o**2 + 371*o + 84. Calculate h(19).
-87
Let o(b) = 123*b + 1469. Calculate o(-25).
-1606
Let c(z) = -223684*z + 1565806. What is c(7)?
18
Let h(c) = -2*c**3 - 1136*c**2 - 89099*c + 6145. What is h(-474)?
-17
Let q(n) = -4*n**3 + 1776*n**2 - 3535*n - 438. What is q(442)?
4
Let x(b) = -864*b + 29330. What is x(32)?
1682
Let k(n) = -281*n + 9334. What is k(31)?
623
Let j(l) = -l**3 + 44*l**2 - 286*l - 278. Calculate j(36).
-206
Let g(a) = 3569*a + 53592. Calculate g(-15).
57
Let q(k) = -2434*k + 1445767. Give q(594).
-29
Let v(m) = m**3 + m**2 - 193*m + 542. What is v(3)?
-1
Let a(i) = -1175*i + 15539. Determine a(13).
264
Let q(b) = 2281*b - 2107573. Calculate q(924).
71
Let b(c) = -4*c**2 + 4638*c - 421884. What is b(1060)?
-4
Let d(z) = -121*z**2 - 19977*z - 2093. What is d(-165)?
-113
Let g(k) = 2*k**3 - 651*k - 2959. What is g(-5)?
46
Let i(f) = 8*f**3 - 79*f**2 - 100*f + 891. Calculate i(10).
-9
Let u(t) = 15*t**2 + 4*t + 147. Determine u(-7).
854
Let s(b) = -944*b + 89637. Calculate s(94).
901
Let b(r) = 1588*r**2 + 455769*r + 3724. What is b(-287)?
-7
Let h(b) = 404*b + 19174. Calculate h(-49).
-622
Let j(q) = q**2 + 65*q - 2322. Determine j(26).
44
Let p(s) = -263*s**3 - 813*s + 814. Give p(1).
-262
Let w(d) = 2318*d + 808977. Determine w(-349).
-5
Let f(a) = -36493*a - 9196234. What is f(-252)?
2
Let c(b) = 36*b**2 + 236*b - 1979. Determine c(8).
2213
Let k(q) = -6495*q - 26025. Calculate k(-4).
-45
Let r(j) = 233*j - 2800. Give r(20).
1860
Let a(x) = -x**3 + 68*x**2 - 892*x + 40714. Determine a(64).
10
Let w(q) = q**2 - 1012*q + 200817. Determine w(271).
6
Let t(o) = o**3 + 110*o**2 - 1730*o + 767. What is t(-124)?
23
Let p(x) = x**3 + 31*x**2 - 377*x + 8. Give p(9).
-145
Let o(u) = 68*u**3 - 558*u**2 + 97*u + 119. Determine o(8).
-1
Let r(y) = -y**3 + 20*y**2 - 34179*y + 614568. Give r(18).
-6
Let f(i) = 4*i**3 - i**2 + 455*i + 909. Give f(-2).
-37
Let i(h) = h**2 + 586*h + 37441. Calculate i(-73).
-8
Let n(p) = 3*p**3 - 184*p**2 - 411*p + 29111. Calculate n(61).
319
Let l(s) = -s**2 - 274*s - 8899. What is l(-39)?
266
Let w(j) = -4049*j - 6012761. Determine w(-1485).
4
Let l(g) = 910301*g - 10923606. Give l(12).
6
Let t(i) = 9*i**3 + 26*i**2 + 51*i - 481. Calculate t(7).
4237
Let w(d) = 2*d**3 - 175*d**2 + 1537*d + 63. Determine w(10).
-67
Let n(d) = 3*d**3 - 689*d**2 + 9437*d + 4914. Determine n(215).
-31
Let h(g) = 19*g**3 - g**2 - 1599*g + 1599. Give h(1).
18
Let h(u) = 109*u + 9950. Determine h(-90).
140
Let o(x) = 941*x - 8480. Calculate o(9).
-11
Let t(v) = 4*v**3 - 2558*v**2 - 1283*v + 1919. What is t(640)?
-1
Let z(a) = a**3 - 22*a**2 - 634*a + 4122. Give z(-20).
2
Let j(u) = -u**3 - 287*u**2 + 15*u + 4139. Calculate j(-287).
-166
Let w(p) = -p**3 + 69*p**2 + 1292*p - 52. Determine w(-16).
1036
Let g(p) = 2*p**2 + 305*p + 567. What is g(-2)?
-35
Let i(t) = -t**2 - 22*t + 11282. Determine i(95).
167
Let w(h) = 93829*h + 22988109. Calculate w(-245).
4
Let i(k) = -3*k**3 - 66*k**2 - 531*k - 603. Calculate i(-6).
855
Let d(w) = -253*w**2 - 7083*w + 56. Calculate d(-28).
28
Let r(o) = -699838*o + 7698223. Calculate r(11).
5
Let r(c) = 236365*c + 1418186. Calculate r(-6).
-4
Let x(v) = 1099*v + 691318. Give x(-629).
47
Let c(t) = t**3 - 16*t**2 + 186*t - 1133. Determine c(7).
-272
Let l(x) = 24*x**2 + 546*x - 92. Give l(-24